2210001 (base 3) in base 11?
1582
What is -2bf (base 16) in base 7?
-2023
243141 (base 5) to base 11
6988
Convert -25700 (base 10) to base 8.
-62144
Convert -43 (base 5) to base 13.
-1a
-2cd7 (base 15) to base 10
-9652
Convert 127 (base 13) to base 4.
3022
Convert 666 (base 12) to base 6.
4210
What is -437 (base 12) in base 9?
-757
What is 5454 (base 15) in base 13?
8185
3133 (base 8) to base 9
2207
What is -111335 (base 6) in base 16?
-24cb
534 (base 9) to base 5
3221
-763 (base 9) to base 15
-2b9
What is -1306 (base 8) in base 15?
-325
Convert -11808 (base 11) to base 14.
-6268
What is 13031 (base 4) in base 8?
715
Convert -1000110011111111 (base 2) to base 16.
-8cff
7616 (base 8) to base 6
30234
-321312 (base 4) to base 11
-2866
-1327 (base 11) to base 9
-2324
-42 (base 8) to base 3
-1021
12a9 (base 14) to base 6
23113
-674f (base 16) to base 9
-40245
Convert a355 (base 12) to base 13.
8126
What is -1001111100111 (base 2) in base 5?
-130340
Convert bd01 (base 14) to base 15.
9a73
What is -1220 (base 12) in base 11?
-1595
What is -1 (base 7) in base 15?
-1
-4045 (base 6) to base 4
-31331
What is -b3d (base 16) in base 12?
-17b9
Convert 3875 (base 10) to base 3.
12022112
Convert 211200 (base 3) to base 2.
1001100100
What is 32013 (base 10) in base 13?
11757
16894 (base 11) to base 2
101110010010010
1203000 (base 4) to base 8
14300
What is -103 (base 16) in base 8?
-403
What is 6c (base 14) in base 9?
116
Convert 11110110110010 (base 2) to base 10.
15794
2601 (base 7) to base 16
3d5
Convert -1001000111110 (base 2) to base 9.
-6358
What is -136233 (base 7) in base 16?
-664e
-222 (base 6) to base 2
-1010110
Convert -14d (base 14) to base 16.
-109
What is -102013 (base 5) in base 15?
-1008
Convert -1051 (base 8) to base 2.
-1000101001
-11111020 (base 3) to base 13
-164a
What is -495 (base 11) in base 16?
-24c
What is 12101 (base 8) in base 10?
5185
-1430 (base 6) to base 2
-101111010
Convert ba05 (base 15) to base 9.
60015
Convert 20356 (base 7) to base 5.
124430
What is -373 (base 15) in base 6?
-3343
-33151 (base 12) to base 11
-46872
What is -1ca (base 14) in base 3?
-111212
-1224 (base 10) to base 2
-10011001000
Convert -1002222 (base 3) to base 12.
-575
What is -103215 (base 7) in base 11?
-12535
-430 (base 15) to base 10
-945
Convert 1122020200 (base 3) to base 6.
405200
Convert -7c01 (base 15) to base 4.
-12123112
-17125 (base 10) to base 16
-42e5
What is 114033 (base 5) in base 10?
4268
3cc8 (base 15) to base 10
13013
-101010 (base 2) to base 7
-60
-30214 (base 5) to base 2
-11110001110
425a (base 12) to base 9
10867
-294 (base 16) to base 5
-10120
Convert -24 (base 14) to base 8.
-40
706 (base 15) to base 10
1581
25136 (base 7) to base 6
50305
Convert -61156 (base 8) to base 4.
-12021232
100221 (base 3) to base 10
268
Convert -11025 (base 7) to base 2.
-101011001011
-12130 (base 12) to base 3
-1020102200
-105636 (base 7) to base 16
-499b
Convert 4004 (base 7) to base 4.
111200
6737 (base 10) to base 16
1a51
Convert 22300 (base 4) to base 5.
10223
What is -3543 (base 10) in base 5?
-103133
What is -45124 (base 6) in base 4?
-1202230
Convert 690 (base 15) to base 10.
1485
What is 14114 (base 5) in base 7?
3244
What is -1011101000 (base 2) in base 15?
-349
-13515 (base 7) to base 11
-2852
Convert 1782 (base 11) to base 3.
10010000
What is -10b (base 15) in base 3?
-22202
Convert 111110 (base 3) to base 8.
553
What is 114041 (base 6) in base 7?
41020
What is -12471 (base 16) in base 4?
-102101301
What is 10001111011011 (base 2) in base 4?
2033123
Convert 32612 (base 7) to base 4.
2000000
Convert 4016 (base 9) to base 3.
11000120
100 (base 6) to base 15
26
-100220010 (base 3) to base 11
-5467
Convert -17a (base 12) to base 6.
-1034
What is -163514 (base 8) in base 13?
-20c4a
-4223 (base 5) to base 12
-3ab
101111010100 (base 2) to base 14
1164
3154 (base 8) to base 3
2020220
-ae87 (base 16) to base 15
-d389
Convert 30013 (base 4) to base 14.
3d5
What is -1210 (base 3) in base 6?
-120
Convert 14213 (base 6) to base 13.
1035
Convert 6557 (base 11) to base 4.
2013031
1436c (base 13) to base 8
112072
What is -232 (base 6) in base 4?
-1130
What is -20134 (base 5) in base 6?
-5554
Convert -12110210 (base 3) to base 15.
-12b0
What is -49095 (base 10) in base 13?
-19467
-547a (base 12) to base 10
-9310
What is -2201 (base 5) in base 15?
-151
Convert 121242 (base 5) to base 7.
16221
Convert 10111011101010 (base 2) to base 8.
27352
What is -d2 (base 16) in base 14?
-110
Convert -1221100110 (base 3) to base 15.
-b493
Convert -1036 (base 8) to base 13.
-329
Convert -8b5 (base 13) to base 2.
-10111011100
Convert -101000011 (base 2) to base 14.
-191
159 (base 12) to base 6
553
-1a8 (base 13) to base 3
-102101
What is -13442 (base 9) in base 8?
-21626
5959 (base 10) to base 15
1b74
92c (base 13) to base 3
2010202
41a0 (base 11) to base 16
15b3
What is -161163 (base 7) in base 16?
-7ba2
What is 303 (base 16) in base 8?
1403
12021011 (base 3) to base 15
120d
Convert -1030 (base 4) to base 11.
-6a
What is -d6 (base 15) in base 9?
-243
413 (base 9) to base 14
1a0
Convert 2121122 (base 3) to base 7.
5363
17049 (base 12) to base 7
164613
What is 12120 (base 4) in base 6?
1520
Convert 22001202 (base 3) to base 11.
4465
Convert 129f (base 16) to base 12.
2913
What is 1161 (base 11) in base 10?
1519
Convert -4302 (base 5) to base 4.
-21001
-a (base 11) to base 15
-a
Convert 1250 (base 6) to base 5.
2233
-242404 (base 6) to base 12
-10404
What is -53763 (base 8) in base 6?
-252123
What is 20101221 (base 3) in base 5?
122134
1000000011 (base 2) to base 8
1003
Convert 128 (base 9) to base 12.
8b
What is -221 (base 7) in base 13?
-89
Convert -11102121 (base 3) to base 12.
-1a51
-1450 (base 7) to base 11
-482
What is -a96a (base 12) in base 8?
-44342
Convert 3767 (base 14) to base 13.
454a
What is 3c94 (base 15) in base 10?
12964
Convert -4120 (base 5) to base 16.
-217
10be (base 16) to base 14
17c2
What is 1346a (base 14) in base 10?
47526
What is -21020021 (base 3) in base 12?
-3074
107351 (base 9) to base 16
fbb9
Convert -12122122 (base 3) to base 5.
-112441
Convert -1060 (base 7) to base 14.
-1d7
What is -2201211121 (base 3) in base 14?
-1588b
321332 (base 5) to base 2
10101001011010
-6772 (base 13) to base 7
-60103
Convert -1110001101 (base 2) to base 3.
-1020200
133210 (base 4) to base 3
2202211
Convert 105041 (base 6) to base 15.
2971
-981 (base 11) to base 15
-538
5524 (base 6) to base 10
1276
What is 101000010 (base 2) in base 16?
142
14b (base 13) to base 4
3220
Convert -1233 (base 8) to base 9.
-821
What is -24024 (base 5) in base 10?
-1764
What is -1100011 (base 3) in base 10?
-976
-101100000 (base 2) to base 5
-2402
Convert -110111122 (base 3) to base 8.
-21634
Convert 10100101111101000 (base 2) to base 11.
58924
Convert -2aa7 (base 11) to base 5.
-111424
What is 24403 (base 7) in base 4?
1203211
What is -1001001001010 (base 2) in base 4?
-1021022
Convert 12000 (base 5) to base 2.
1101101011
Convert -2b7 (base 14) to base 4.
-20221
28137 (base 10) to base 11
1a15a
31a (base 11) to base 15
1a9
Convert -10a7 (base 12) to base 3.
-2112201
-3041 (base 5) to base 7
-1104
Convert -51a2 (base 11) to base 5.
-210023
Convert -320410 (base 5) to base 7.
-43166
-1000120 (base 3) to base 5
-10434
What is -3304 (base 5) in base 15?
-204
-606 (base 7) to base 12
-210
553 (base 12) to base 11
652
-11211221 (base 4) to base 13
-a559
-7f9 (base 16) to base 6
-13241
What is 1744 (base 10) in base 11?
1346
Convert -5c6a (base 13) to base 4.
-3030231
Convert -1434 (base 9) to base 11.
-8a6
What is 11133322 (base 4) in base 11?
15a15
What is -b68 (base 16) in base 2?
-101101101000
-133 (base 13) to base 4
-3103
What is -11001100010111 (base 2) in base 3?
-122221102
Convert 8447 (base 9) to base 8.
14067
10222212 (base 3) to base 2
101101100000
Convert 101022 (base 4) to base 10.
1098
What is 221011 (base 3) in base 2?
1010100111
Convert 714e (base 16) to base 12.
14952
6ab7 (base 12) to base 8
27253
Convert -200 (base 4) to base 2.
-100000
Convert bc (base 13) to base 5.
1110
Convert 2aa1 (base 11) to base 16.
f8f
What is 100000002 (base 3) in base 2?
1100110100011
11c (base 15) to base 8
374
100001100100011 (base 2) to base 13
7a91
Convert b2c (base 15) to base 10.
2517
111